0 and 281930.
1210
What is the greatest common divisor of 2292 and 96?
12
What is the greatest common factor of 7957 and 16279?
73
What is the greatest common factor of 6743 and 396?
11
What is the greatest common factor of 19 and 3078?
19
Calculate the greatest common divisor of 3440 and 57104.
688
What is the highest common factor of 2946846 and 84?
42
Calculate the highest common divisor of 187 and 1598.
17
What is the greatest common factor of 412 and 149762?
206
Calculate the highest common divisor of 464100 and 126.
42
What is the greatest common divisor of 22 and 1804?
22
What is the highest common divisor of 190440 and 360?
360
What is the greatest common factor of 116515 and 35?
35
Calculate the greatest common factor of 394575 and 1125.
75
Calculate the greatest common factor of 169560 and 80.
40
Calculate the greatest common divisor of 639917 and 871.
67
Calculate the highest common divisor of 28 and 4746.
14
What is the highest common factor of 47462 and 4370?
38
What is the greatest common divisor of 16 and 13712?
16
Calculate the greatest common factor of 196 and 7126.
14
Calculate the highest common factor of 8671 and 55042.
377
What is the greatest common factor of 31913 and 329?
329
What is the highest common factor of 87 and 4640?
29
Calculate the greatest common divisor of 2119929 and 203.
203
Calculate the highest common factor of 14 and 70721.
7
What is the highest common divisor of 94368 and 912?
48
Calculate the greatest common factor of 8 and 3849724.
4
Calculate the greatest common divisor of 284328 and 44.
44
What is the highest common factor of 160 and 10760?
40
Calculate the greatest common divisor of 15220 and 320.
20
Calculate the highest common factor of 2709 and 523740.
903
What is the greatest common divisor of 1098585 and 45?
45
Calculate the highest common factor of 2733 and 5.
1
What is the highest common divisor of 285 and 375?
15
What is the highest common divisor of 424 and 798392?
424
Calculate the greatest common factor of 3537528 and 6.
6
What is the greatest common factor of 1520 and 282?
2
Calculate the highest common divisor of 74624 and 4081.
583
Calculate the greatest common divisor of 473 and 8772.
43
Calculate the highest common divisor of 42 and 8218.
14
Calculate the greatest common divisor of 285 and 26695.
95
Calculate the highest common factor of 14336 and 86688.
224
What is the greatest common factor of 6125 and 81438?
49
Calculate the highest common factor of 9 and 691539.
3
What is the highest common divisor of 13 and 1571323?
13
Calculate the greatest common factor of 7 and 1906471.
7
Calculate the greatest common factor of 42 and 3297.
21
What is the highest common divisor of 153 and 14103?
9
What is the greatest common factor of 97328 and 224?
112
Calculate the highest common factor of 181163 and 377.
29
What is the highest common divisor of 132 and 401952?
12
What is the greatest common divisor of 147 and 127113?
21
Calculate the greatest common factor of 1555740 and 135.
135
What is the highest common factor of 3419 and 494?
13
What is the greatest common divisor of 9530098 and 34?
34
What is the greatest common divisor of 11340 and 352485?
945
What is the highest common factor of 196 and 316652?
28
What is the greatest common factor of 208 and 10361?
13
What is the greatest common factor of 15 and 755980?
5
Calculate the highest common factor of 1165 and 15218395.
1165
What is the greatest common divisor of 14 and 8988?
14
What is the greatest common divisor of 1922013 and 3?
3
Calculate the highest common divisor of 1071 and 11151.
63
What is the greatest common divisor of 15806 and 462?
14
Calculate the highest common divisor of 2304 and 87633.
9
What is the highest common divisor of 15885 and 405?
45
What is the greatest common divisor of 272799 and 18?
9
What is the greatest common factor of 593 and 203992?
593
What is the highest common divisor of 224 and 62356?
28
What is the greatest common divisor of 84 and 4893?
21
What is the highest common divisor of 42987 and 12193?
89
What is the greatest common divisor of 5586 and 378?
42
Calculate the greatest common factor of 210 and 565810.
70
Calculate the greatest common divisor of 340 and 3230.
170
Calculate the greatest common divisor of 2222 and 84722.
22
Calculate the greatest common factor of 194 and 2668276.
194
What is the greatest common divisor of 67120 and 5360?
80
What is the greatest common divisor of 118 and 103604?
118
What is the highest common divisor of 18711 and 72072?
693
Calculate the highest common divisor of 343 and 188013.
49
Calculate the greatest common divisor of 402 and 192.
6
What is the greatest common factor of 906 and 938616?
906
What is the greatest common divisor of 3024 and 2808?
216
Calculate the highest common divisor of 9963 and 225.
9
What is the greatest common divisor of 36 and 4492?
4
What is the highest common divisor of 78392 and 656?
328
What is the highest common factor of 162 and 105543?
81
Calculate the greatest common factor of 9 and 1839708.
9
Calculate the greatest common factor of 471240 and 66.
66
Calculate the highest common factor of 2941 and 4573.
17
What is the greatest common factor of 952 and 1792?
56
What is the greatest common divisor of 648 and 11268?
36
Calculate the greatest common factor of 53 and 72769.
53
What is the highest common divisor of 63152 and 144?
16
Calculate the highest common factor of 147 and 814233.
147
Calculate the greatest common divisor of 2044 and 35812.
28
What is the greatest common divisor of 29388 and 39500?
316
What is the greatest common factor of 7113 and 42?
3
What is the greatest common divisor of 204670 and 18430?
970
What is the highest common divisor of 39870 and 630?
90
Calculate the greatest common factor of 67194 and 198.
18
What is the greatest common factor of 31992 and 72?
24
Calculate the highest common divisor of 3 and 25033.
1
Calculate the greatest common factor of 5540 and 5240.
20
Calculate the highest common factor of 899780 and 280.
140
Calculate the highest common factor of 15936 and 9024.
192
What is the greatest common divisor of 2547 and 1981?
283
What is the greatest common divisor of 310690 and 80?
10
What is the highest common factor of 986 and 1462?
34
Calculate the highest common divisor of 315106 and 22.
22
What is the greatest common factor of 3225 and 117132?
129
Calculate the highest common factor of 101822 and 98.
98
What is the greatest common factor of 230 and 74?
2
Calculate the greatest common factor of 17860 and 34827.
893
What is the greatest common factor of 40 and 35330?
10
What is the greatest common factor of 11328 and 432?
48
Calculate the greatest common divisor of 63227 and 2.
1
Calculate the greatest common divisor of 624 and 2769.
39
Calculate the greatest common factor of 366015 and 390.
195
What is the highest common factor of 187096 and 156?
52
What is the highest common divisor of 68 and 881756?
68
Calculate the greatest common divisor of 542841 and 156.
39
Calculate the highest common factor of 11628 and 17238.
102
Calculate the highest common factor of 505 and 44945.
505
Calculate the greatest common factor of 597 and 14538.
3
What is the greatest common factor of 2515 and 5474149?
503
What is the highest common divisor of 372076 and 5344?
668
Calculate the greatest common divisor of 35 and 6167.
7
Calculate the highest common divisor of 66842 and 152.
38
Calculate the greatest common divisor of 18855 and 3240.
45
Calculate the greatest common divisor of 1625562 and 324.
54
What is the greatest common divisor of 2556 and 11999?
71
Calculate the highest common divisor of 26747 and 7.
7
Calculate the greatest common divisor of 19350 and 14.
2
Calculate the greatest common divisor of 114239 and 284.
71
Calculate the highest common divisor of 1540192 and 4.
4
What is the greatest common divisor of 52140 and 3300?
660
What is the greatest common divisor of 8843 and 37?
37
Calculate the highest common factor of 15239 and 539.
49
What is the highest common divisor of 10386 and 54?
18
What is the greatest common factor of 2496 and 44824?
104
What is the highest common divisor of 1260 and 100660?
140
What is the greatest common factor of 114140 and 55?
5
What is the highest common factor o